0747 and 143?
11
What is the highest common factor of 44270 and 190?
190
What is the highest common divisor of 3702240 and 72?
72
What is the greatest common divisor of 293 and 1206867?
293
Calculate the highest common factor of 83812 and 598.
46
What is the greatest common factor of 41392 and 624?
208
Calculate the highest common factor of 7379 and 2041.
157
What is the highest common factor of 48 and 232752?
48
What is the highest common factor of 6407 and 4917?
149
What is the highest common factor of 7972704 and 93?
93
Calculate the greatest common factor of 43053 and 678.
339
What is the highest common factor of 130 and 5917925?
65
Calculate the greatest common divisor of 1043560 and 1120.
280
What is the greatest common factor of 89 and 3738?
89
Calculate the highest common divisor of 463864 and 1656.
184
What is the highest common factor of 229 and 1?
1
What is the highest common factor of 15051 and 16608?
519
Calculate the greatest common factor of 186 and 1055302.
62
Calculate the greatest common divisor of 54677 and 3285.
73
Calculate the highest common divisor of 76930 and 16956.
314
Calculate the greatest common factor of 9002 and 462.
14
Calculate the highest common divisor of 3885 and 170385.
555
Calculate the highest common factor of 185886 and 414.
414
Calculate the greatest common factor of 5579 and 112.
7
What is the greatest common factor of 26 and 260000?
26
Calculate the highest common factor of 237 and 37999.
79
What is the greatest common divisor of 845 and 2373605?
845
Calculate the highest common divisor of 576 and 4878.
18
Calculate the highest common divisor of 869400 and 29925.
1575
What is the greatest common factor of 1040 and 632?
8
Calculate the greatest common divisor of 55 and 536789.
11
What is the greatest common divisor of 1992 and 30?
6
What is the greatest common factor of 21 and 1176567?
21
Calculate the greatest common factor of 10528 and 3808.
224
What is the greatest common divisor of 65322 and 2101?
191
What is the greatest common divisor of 40976 and 4784?
208
What is the highest common factor of 729 and 76113?
27
Calculate the highest common factor of 1415 and 8773.
283
What is the highest common divisor of 139 and 49901?
139
Calculate the greatest common factor of 1606134 and 984.
246
What is the greatest common divisor of 241880 and 95?
5
Calculate the greatest common divisor of 4959 and 1376949.
1653
What is the highest common divisor of 4005 and 955?
5
Calculate the highest common factor of 147 and 686931.
147
What is the highest common factor of 405 and 404280?
45
Calculate the highest common factor of 4830 and 252.
42
Calculate the greatest common divisor of 28144 and 1184.
16
Calculate the highest common factor of 53920 and 520.
40
Calculate the greatest common factor of 126520 and 60.
20
Calculate the greatest common divisor of 8364969 and 102.
51
What is the highest common divisor of 26221 and 689?
13
What is the greatest common divisor of 4040 and 22280?
40
Calculate the highest common divisor of 32 and 29680.
16
What is the greatest common divisor of 18590 and 495?
55
What is the greatest common factor of 228 and 314868?
228
What is the greatest common factor of 104664 and 16821?
1869
Calculate the highest common divisor of 40211 and 316.
79
What is the greatest common factor of 41 and 54161?
41
Calculate the highest common divisor of 287206 and 72242.
1762
Calculate the highest common divisor of 220 and 526.
2
Calculate the greatest common factor of 3066 and 85191.
219
What is the highest common factor of 432 and 549234?
54
What is the highest common factor of 452214 and 291?
291
What is the highest common divisor of 14147 and 1505?
301
Calculate the highest common factor of 24912 and 2544.
48
Calculate the greatest common divisor of 6868 and 255.
17
Calculate the greatest common factor of 6368 and 16080.
16
Calculate the highest common factor of 554 and 207473.
277
Calculate the highest common divisor of 3990 and 1355.
5
What is the highest common divisor of 2664 and 70263?
333
What is the greatest common factor of 126 and 35714?
14
What is the greatest common factor of 3410 and 151342?
62
What is the highest common divisor of 50 and 28625?
25
What is the highest common divisor of 11 and 84359?
11
What is the greatest common divisor of 21 and 154189?
7
Calculate the highest common factor of 300 and 102540.
60
Calculate the greatest common factor of 6810 and 15.
15
Calculate the greatest common factor of 36346 and 68.
34
Calculate the highest common divisor of 112 and 16072.
56
What is the highest common factor of 29041 and 35466?
257
What is the greatest common factor of 18532 and 61811?
113
What is the greatest common divisor of 184 and 37936?
8
What is the greatest common divisor of 124 and 52483?
31
What is the highest common divisor of 9595 and 475?
95
What is the greatest common factor of 11295 and 72?
9
What is the greatest common factor of 42 and 31602?
6
Calculate the highest common divisor of 375409 and 332.
83
Calculate the greatest common divisor of 129312 and 2016.
288
What is the highest common factor of 225 and 365850?
225
What is the highest common divisor of 10 and 23805?
5
Calculate the highest common divisor of 1361 and 3965954.
1361
Calculate the highest common divisor of 347 and 1441091.
347
Calculate the highest common factor of 2538 and 5358.
282
Calculate the greatest common factor of 24 and 2757152.
8
What is the highest common factor of 61897 and 2648?
331
Calculate the greatest common divisor of 783 and 56521.
29
What is the greatest common factor of 5512 and 122960?
424
Calculate the greatest common factor of 55936 and 460.
92
What is the highest common divisor of 5 and 2391510?
5
What is the highest common factor of 13690 and 7474?
74
Calculate the greatest common factor of 6383 and 23077.
491
Calculate the highest common divisor of 24 and 1155564.
12
Calculate the greatest common factor of 440532 and 3132.
108
What is the greatest common divisor of 35 and 764785?
35
Calculate the highest common factor of 112 and 8176.
112
Calculate the highest common divisor of 45 and 49935.
15
Calculate the highest common factor of 57778 and 896.
14
Calculate the highest common factor of 10354 and 496.
62
Calculate the highest common factor of 137315 and 145.
145
What is the greatest common divisor of 281 and 436393?
281
Calculate the highest common divisor of 3488944 and 34.
34
Calculate the greatest common factor of 16245 and 360.
45
Calculate the greatest common factor of 638992 and 24.
8
Calculate the greatest common factor of 3789345 and 105.
105
What is the highest common factor of 25500 and 3315?
255
What is the greatest common divisor of 873 and 369?
9
Calculate the highest common divisor of 4275 and 9576.
171
What is the greatest common divisor of 10979400 and 120?
120
What is the highest common divisor of 7447 and 132?
11
Calculate the greatest common divisor of 24 and 14052.
12
What is the greatest common divisor of 3 and 31497?
3
What is the highest common factor of 42 and 129507?
21
What is the greatest common factor of 60 and 2620284?
12
What is the greatest common divisor of 51276 and 1212?
12
Calculate the highest common factor of 629551 and 79.
79
What is the greatest common divisor of 1689435 and 1485?
495
What is the greatest common factor of 29492 and 2222?
202
What is the highest common factor of 2888 and 433922?
722
What is the highest common divisor of 288 and 6840?
72
Calculate the greatest common divisor of 86 and 1753970.
86
What is the greatest common divisor of 30587 and 73?
73
Calculate the greatest common divisor of 66 and 49874.
22
Calculate the highest common factor of 18122 and 13498.
34
Calculate the highest common factor of 1529392 and 244.
244
What is the highest common divisor of 44652 and 48?
12
What is the greatest common divisor of 10000 and 7750?
250
What is the greatest common factor of 3608470 and 29?
29
What is the greatest common factor of 2267015 and 657?
73
What is the highest common divisor of 93127 and 69?
23
What is the highest common divisor of 1533 and 25284?
21
What is the greatest common divisor of 8313 and 13203?
489
What is the highest common factor of 53694 and 190?
38
What is the highest common divisor of 520 a